246 is divided by 2986?
2274
Calculate the remainder when 3092450 is divided by 7711.
339
Calculate the remainder when 806866 is divided by 863.
824
What is the remainder when 3218818 is divided by 32840?
498
What is the remainder when 162954777 is divided by 14?
13
Calculate the remainder when 156952 is divided by 969.
943
What is the remainder when 612604 is divided by 52?
44
What is the remainder when 554866 is divided by 13200?
466
What is the remainder when 1415499 is divided by 94366?
9
What is the remainder when 17035806 is divided by 752?
750
Calculate the remainder when 263775 is divided by 32941.
247
What is the remainder when 447564 is divided by 140?
124
Calculate the remainder when 5840 is divided by 5056.
784
Calculate the remainder when 4338044 is divided by 7.
4
Calculate the remainder when 14227 is divided by 3024.
2131
What is the remainder when 4874055 is divided by 7663?
387
Calculate the remainder when 2199 is divided by 1946.
253
Calculate the remainder when 6655251 is divided by 2614.
7
Calculate the remainder when 450351 is divided by 10983.
48
Calculate the remainder when 26582951 is divided by 18.
11
Calculate the remainder when 51568660 is divided by 8.
4
What is the remainder when 6040890 is divided by 4057?
17
What is the remainder when 902471 is divided by 174?
107
Calculate the remainder when 42102958 is divided by 7017150.
58
Calculate the remainder when 17724005 is divided by 2346.
2321
What is the remainder when 2434555 is divided by 1210?
35
Calculate the remainder when 173311 is divided by 33.
28
What is the remainder when 35011 is divided by 17011?
989
Calculate the remainder when 97517936 is divided by 2405.
2401
Calculate the remainder when 108014131 is divided by 52.
43
What is the remainder when 92747465 is divided by 177?
173
Calculate the remainder when 48296 is divided by 4557.
2726
What is the remainder when 4532667 is divided by 947?
325
What is the remainder when 46168715 is divided by 435?
425
What is the remainder when 8875975 is divided by 6?
1
Calculate the remainder when 3038433 is divided by 1519182.
69
What is the remainder when 11135534 is divided by 3711839?
17
What is the remainder when 20983711 is divided by 1614130?
21
What is the remainder when 18842238 is divided by 4625?
4613
Calculate the remainder when 30253888 is divided by 129290.
28
Calculate the remainder when 1735415 is divided by 6382.
5893
What is the remainder when 7650824 is divided by 513?
455
What is the remainder when 67567818 is divided by 242?
208
What is the remainder when 55154 is divided by 1196?
138
Calculate the remainder when 10147193 is divided by 1035.
53
Calculate the remainder when 6749695 is divided by 337483.
35
What is the remainder when 71541 is divided by 1406?
1241
Calculate the remainder when 3232333 is divided by 47.
2
Calculate the remainder when 1134408 is divided by 129.
111
Calculate the remainder when 43640 is divided by 5426.
232
What is the remainder when 587164 is divided by 39129?
229
Calculate the remainder when 122213705 is divided by 2980822.
3
What is the remainder when 8812589 is divided by 2773?
2768
Calculate the remainder when 1348114 is divided by 53922.
64
What is the remainder when 947262 is divided by 779?
777
Calculate the remainder when 35876003 is divided by 64.
35
What is the remainder when 1227119 is divided by 402?
215
What is the remainder when 554167 is divided by 137926?
2463
Calculate the remainder when 698509 is divided by 28.
21
What is the remainder when 434685 is divided by 23?
8
What is the remainder when 980183 is divided by 326719?
26
What is the remainder when 844885 is divided by 1498?
13
Calculate the remainder when 11827499 is divided by 15.
14
Calculate the remainder when 17925 is divided by 1365.
180
What is the remainder when 1186954069 is divided by 446?
443
What is the remainder when 7864269 is divided by 16282?
63
Calculate the remainder when 1143692 is divided by 98.
32
Calculate the remainder when 198836 is divided by 3556.
3256
What is the remainder when 37511 is divided by 2816?
903
What is the remainder when 778586 is divided by 778520?
66
What is the remainder when 237622 is divided by 79075?
397
Calculate the remainder when 6153609 is divided by 22707.
12
What is the remainder when 30480226 is divided by 12?
10
What is the remainder when 55993867 is divided by 27?
25
Calculate the remainder when 8008493 is divided by 14.
3
Calculate the remainder when 399976 is divided by 12902.
14
What is the remainder when 631180 is divided by 210387?
19
What is the remainder when 217666 is divided by 12083?
172
What is the remainder when 35449686 is divided by 1421?
1420
Calculate the remainder when 4367557 is divided by 2068.
2009
Calculate the remainder when 73939 is divided by 1296.
67
Calculate the remainder when 144650 is divided by 144579.
71
What is the remainder when 860363 is divided by 214911?
719
Calculate the remainder when 3033484 is divided by 1966.
1912
What is the remainder when 68143 is divided by 34067?
9
What is the remainder when 76587484 is divided by 1901?
1897
What is the remainder when 3933814 is divided by 864?
22
Calculate the remainder when 1318779 is divided by 1672.
1243
What is the remainder when 1690240 is divided by 30?
10
What is the remainder when 1363437 is divided by 38?
35
What is the remainder when 60632 is divided by 6060?
32
Calculate the remainder when 111197 is divided by 10108.
9
What is the remainder when 1095614 is divided by 32?
30
Calculate the remainder when 1734955 is divided by 297.
178
Calculate the remainder when 294388 is divided by 147094.
200
What is the remainder when 2616906 is divided by 168?
138
What is the remainder when 17955012 is divided by 1381152?
36
Calculate the remainder when 30365 is divided by 28339.
2026
What is the remainder when 66500 is divided by 6643?
70
Calculate the remainder when 2171979 is divided by 19.
13
Calculate the remainder when 21999 is divided by 2202.
2181
What is the remainder when 1197408 is divided by 398552?
1752
What is the remainder when 640467 is divided by 6?
3
Calculate the remainder when 37260 is divided by 17756.
1748
What is the remainder when 7711234 is divided by 196?
6
What is the remainder when 8329 is divided by 3920?
489
Calculate the remainder when 4852932 is divided by 1026.
978
Calculate the remainder when 803362 is divided by 915.
907
Calculate the remainder when 1031794 is divided by 210.
64
What is the remainder when 83110 is divided by 3776?
38
What is the remainder when 5097208 is divided by 1334?
1328
Calculate the remainder when 125775 is divided by 2205.
90
What is the remainder when 111758 is divided by 3959?
906
Calculate the remainder when 918372 is divided by 306118.
18
What is the remainder when 18474328 is divided by 3758?
0
What is the remainder when 136422 is divided by 865?
617
Calculate the remainder when 1070577 is divided by 129.
6
What is the remainder when 14403 is divided by 397?
111
Calculate the remainder when 1438451 is divided by 479193.
872
Calculate the remainder when 102689 is divided by 185.
14
Calculate the remainder when 2658 is divided by 2159.
499
Calculate the remainder when 146545 is divided by 2525.
95
What is the remainder when 10511920 is divided by 4887?
4870
Calculate the remainder when 14433441 is divided by 6.
3
Calculate the remainder when 228317 is divided by 35.
12
What is the remainder when 726841 is divided by 362358?
2125
What is the remainder when 261032 is divided by 6174?
1724
What is the remainder when 14996 is divided by 14509?
487
Calculate the remainder when 32915738 is divided by 86.
12
Calculate the remainder when 1765735 is divided by 8698.
41
Calculate the remainder when 73658338 is divided by 45.
43
What is the remainder when 31316693 is divided by 15658261?
171
What is the remainder when 15378 is divided by 13310?
2068
Calculate the remainder when 19652 is divided by 5465.
3257
What is the remainder when 69327 is divided by 9902?
13
What is the remainder when 5764510 is divided by 107?
99
What is the remainder when 945958 is divided by 3740?
3478
What is the remainder when 8029383 is divided by 65?
63
What is the remainder when 4867081 is divided by 6272?
9
Calculate the remainder wh